e remainder when 250860 is divided by 61118.
6388
What is the remainder when 4280321 is divided by 33?
23
Calculate the remainder when 195934 is divided by 97937.
60
What is the remainder when 179583603 is divided by 1187?
1186
Calculate the remainder when 3197726 is divided by 373.
370
Calculate the remainder when 28325 is divided by 786.
29
Calculate the remainder when 768872189 is divided by 10.
9
Calculate the remainder when 3324514 is divided by 4517.
2
Calculate the remainder when 24138620 is divided by 160924.
20
What is the remainder when 20400667 is divided by 2940?
7
What is the remainder when 16888988 is divided by 188?
8
Calculate the remainder when 93514225 is divided by 31171407.
4
What is the remainder when 22728 is divided by 772?
340
What is the remainder when 163068 is divided by 11631?
234
What is the remainder when 4956060 is divided by 3833?
3824
Calculate the remainder when 244407452 is divided by 2592.
2588
What is the remainder when 9380204 is divided by 24?
20
What is the remainder when 411790 is divided by 82277?
405
Calculate the remainder when 304956 is divided by 57.
6
What is the remainder when 31854 is divided by 1847?
455
What is the remainder when 196865567 is divided by 32?
31
Calculate the remainder when 1634857 is divided by 817415.
27
Calculate the remainder when 12673 is divided by 841.
58
Calculate the remainder when 93894 is divided by 214.
162
Calculate the remainder when 1119217 is divided by 373053.
58
What is the remainder when 289671 is divided by 2040?
2031
What is the remainder when 141781 is divided by 18?
13
What is the remainder when 103796604 is divided by 34598866?
6
Calculate the remainder when 315120 is divided by 4441.
4250
What is the remainder when 389884 is divided by 389720?
164
Calculate the remainder when 49686919 is divided by 24843458.
3
What is the remainder when 474066 is divided by 607?
606
What is the remainder when 514118 is divided by 3258?
2612
Calculate the remainder when 9989024 is divided by 670.
664
What is the remainder when 376844 is divided by 812?
76
Calculate the remainder when 1137570 is divided by 1137555.
15
Calculate the remainder when 953772 is divided by 2725.
22
Calculate the remainder when 5213533 is divided by 2537.
2535
Calculate the remainder when 682213 is divided by 136436.
33
What is the remainder when 30310 is divided by 96?
70
Calculate the remainder when 1872214 is divided by 38201.
365
What is the remainder when 36976837 is divided by 3433?
3427
What is the remainder when 5991276 is divided by 9119?
93
What is the remainder when 282933 is divided by 14145?
33
Calculate the remainder when 618776 is divided by 1659.
1628
Calculate the remainder when 4036592 is divided by 29.
24
Calculate the remainder when 33040824 is divided by 5682.
5676
What is the remainder when 33320139 is divided by 80?
59
What is the remainder when 26874 is divided by 26859?
15
Calculate the remainder when 5343118 is divided by 155.
113
Calculate the remainder when 1773064 is divided by 591015.
19
Calculate the remainder when 70490362 is divided by 361.
58
Calculate the remainder when 668652 is divided by 8056.
4
Calculate the remainder when 51538 is divided by 93.
16
Calculate the remainder when 314295131 is divided by 97.
96
What is the remainder when 263621 is divided by 65822?
333
What is the remainder when 17569754 is divided by 262235?
9
Calculate the remainder when 3914291 is divided by 3914141.
150
Calculate the remainder when 389945995 is divided by 240.
235
Calculate the remainder when 25817963 is divided by 5163589.
18
What is the remainder when 116181 is divided by 57651?
879
What is the remainder when 153811 is divided by 16865?
2026
Calculate the remainder when 119333498 is divided by 550.
548
Calculate the remainder when 56508465 is divided by 177.
153
Calculate the remainder when 3601331 is divided by 720251.
76
What is the remainder when 12020885 is divided by 1228?
1221
Calculate the remainder when 2236882 is divided by 19.
12
Calculate the remainder when 10633499 is divided by 705.
689
What is the remainder when 35344272 is divided by 425?
422
Calculate the remainder when 1976002 is divided by 40.
2
Calculate the remainder when 39884548 is divided by 4146.
28
What is the remainder when 43760 is divided by 1708?
1060
Calculate the remainder when 373956 is divided by 6129.
87
What is the remainder when 459638 is divided by 9968?
1110
What is the remainder when 1082309 is divided by 1082214?
95
What is the remainder when 225193416 is divided by 46?
2
What is the remainder when 16316407 is divided by 49?
44
What is the remainder when 99551 is divided by 1483?
190
Calculate the remainder when 4838119 is divided by 628.
7
Calculate the remainder when 8376 is divided by 1557.
591
Calculate the remainder when 18337211 is divided by 2803.
2788
Calculate the remainder when 468407 is divided by 240.
167
Calculate the remainder when 8742633 is divided by 20.
13
Calculate the remainder when 26532330 is divided by 508.
506
What is the remainder when 5191569 is divided by 77?
75
Calculate the remainder when 1074114 is divided by 20259.
387
What is the remainder when 31164 is divided by 4816?
2268
What is the remainder when 7748051 is divided by 596003?
12
What is the remainder when 448842 is divided by 949?
914
Calculate the remainder when 16326 is divided by 4883.
1677
What is the remainder when 15376646 is divided by 949?
948
Calculate the remainder when 5588070 is divided by 2344.
2318
Calculate the remainder when 25650597 is divided by 740.
717
What is the remainder when 8817713 is divided by 179?
173
What is the remainder when 14827550 is divided by 436104?
14
What is the remainder when 1499377 is divided by 1079?
646
What is the remainder when 22312178 is divided by 11156086?
6
What is the remainder when 263741 is divided by 666?
5
Calculate the remainder when 3574507 is divided by 1191469.
100
What is the remainder when 5275724 is divided by 325?
324
Calculate the remainder when 139617 is divided by 115.
7
Calculate the remainder when 91295029 is divided by 10.
9
Calculate the remainder when 41149470 is divided by 4348.
4346
What is the remainder when 949391 is divided by 45?
26
What is the remainder when 8270189 is divided by 8270150?
39
What is the remainder when 3203823 is divided by 21?
0
What is the remainder when 126212 is divided by 1722?
506
What is the remainder when 45963333 is divided by 73896?
21
Calculate the remainder when 344251 is divided by 1990.
1971
Calculate the remainder when 104842 is divided by 1282.
1000
Calculate the remainder when 19351 is divided by 498.
427
Calculate the remainder when 3781235 is divided by 368.
35
Calculate the remainder when 51637835 is divided by 25.
10
What is the remainder when 14173056 is divided by 253?
249
Calculate the remainder when 1584378 is divided by 2159.
1831
Calculate the remainder when 26031501 is divided by 2878.
2869
Calculate the remainder when 118104 is divided by 494.
38
Calculate the remainder when 286076 is divided by 14235.
1376
Calculate the remainder when 2443244 is divided by 32.
12
What is the remainder when 10498355 is divided by 1312290?
35
Calculate the remainder when 484353 is divided by 473.
1
What is the remainder when 70476 is divided by 4805?
3206
What is the remainder when 162834373 is divided by 14?
9
What is the remainder when 9852814 is divided by 245?
139
Calculate the remainder when 142731 is divided by 355.
21
Calculate the remainder when 18656231 is divided by 168.
167
What is the remainder when 16491818 is divided by 8245907?
4
What is the remainder when 1585511 is divided by 2169?
2141
Calculate the remainder when 947987 is divided by 3397.
224
Calculate the remainder when 18082 is divided by 1390.
12
What is the remainder when 52896487 is divided by 1653015?
7
Calculate the remainder when 2311207 is divided by 22.
19
What is the remainder when 7224662 is divided by 139?
137
What is the remainder when 63700 is divided by 6353?
170
What is the remainder when 407972647 is divided by 2881?
2880
Calculate the remainder when 6512689 is divided by 340.
329
What is the remainder when 57419 is divided by 18920?
659
Calculate the remainder when 69377 is divided by 34375.
627
Cal